the thousands digit of k(13)?
1
Let f = -29786 - -51795. What is the thousands digit of f?
2
Let j = -406 - -415. Let f(x) = 3 - x - 9*x + 3*x**2 - 9. What is the hundreds digit of f(j)?
1
Suppose 5*q + 3*q + 3*q = 230769. What is the ten thousands digit of q?
2
Let k(a) = 15*a - 14. Let l be k(-8). Let o = l + 502. What is the units digit of o?
8
Suppose -5*r + 68075 = 3*v, v = -3*r + 11839 + 10846. What is the units digit of v?
0
Let d be 2636/(-36) - -8 - 2/(-9). What is the units digit of 6*62 + d/(-13)?
7
Suppose 0 = 14*c - 426837 + 151583. What is the ten thousands digit of c?
1
Let d(q) = 232*q**2 + 2 + 3 - 3*q - 2 + 0. Let m be d(1). Suppose 0 = 5*k - 7*f + 4*f - m, k = -2*f + 36. What is the units digit of k?
4
Let r(m) = 6*m - 75. Let p be r(13). Suppose 3*o - 3*s = s + 1321, -p*s = -6. What is the units digit of o?
3
Let y = 186 + 54. Let t = y - 30. Suppose 2*g + 24 = t. What is the tens digit of g?
9
Let d(x) = x**3 + 33*x**2 + 22*x - 185. What is the hundreds digit of d(-30)?
8
Let p be (-7 + 5)/((-2)/3). Suppose 23 = -p*w + 56. Suppose y - 3*o - w = 8, 3*y + 2*o - 112 = 0. What is the tens digit of y?
3
Let t(i) = 6*i - 28. Let g be t(6). Suppose -g*u + 2673 = -519. What is the tens digit of u?
9
Let h(i) = 142*i - 214. Suppose 8*y - 7*y + 2*k - 11 = 0, -5*y + 37 = k. What is the hundreds digit of h(y)?
7
Let u be -2 + 2 + 3*43. Let f = 48 - 47. What is the units digit of ((-24)/36)/((-131)/u + f)?
3
Suppose 2*u + l - 1732 = 5*l, -2*u - l = -1732. Suppose y = 5*m - 6, 4*y + 3*m + 2736 = 2712. What is the tens digit of -3 + (-16)/y - u/(-6)?
4
Let q(u) = -u**2 + 26*u + 2. Suppose y + 5*x + 2 = 0, x + 6 = y + 2*x. Suppose 4*c - y = f, -8*f + 3*c + 21 = -5*f. What is the tens digit of q(f)?
7
What is the units digit of ((-2104)/(-10))/(16/840)?
6
Let z(q) = 5*q**2 + 8*q - 13. Suppose 0 = 3*a - 51 + 12. Let w be 2/a*1 + 1280/(-208). What is the tens digit of z(w)?
1
Let t = -6176 + 9800. What is the tens digit of t?
2
Suppose -12*y + 60 = 0, 45*y = -4*u + 48*y + 56817. What is the tens digit of u?
0
Let b be 28/2 - (0/(-8))/(-4). What is the units digit of 25*b + (-26 - -27)?
1
Suppose -11*r = 31362 - 37090 - 74803. What is the hundreds digit of r?
3
Suppose 107*n + 2*h - 31202 = 105*n, n = -2*h + 15597. What is the ten thousands digit of n?
1
Suppose -6*p + 3*p = -792. Suppose 2*o - 6*o + p = 0. Let b = 75 - o. What is the units digit of b?
9
Let c be 378/105 - 8/(-20). Let j be 66/14 - (-2)/7. Suppose -n - 4 = -5*n, -c*x + 63 = -j*n. What is the units digit of x?
7
Let n = -2841 - -4371. What is the tens digit of n?
3
Let l(f) = -f - 2. Let a be l(-5). What is the hundreds digit of (17752/(-84))/((-1)/a)?
6
Suppose 0 = -50*z + 170719 + 38631. What is the units digit of z?
7
Suppose 12*h - 6416 = -11*h + 7108. What is the hundreds digit of h?
5
Let f be (-2)/((-30)/(-12) + -4 + 1). Suppose -2*y + 3*d = -279, 685 = 5*y + d + f*d. Suppose 4*k + 306 = 2*j, -j + k + y = -4*k. What is the tens digit of j?
6
Let k = 4132 - 1817. What is the units digit of k?
5
Let q be (-1944)/(-7) - 2/14*-2. Suppose -4*u = -2*l + q, 3*u - 278 = -2*l + 6*u. Let x = -40 + l. What is the tens digit of x?
9
Let v(y) = -2*y**2 - 27*y - 36. Let i be v(-11). Suppose -2*q - i*q + 6993 = 0. What is the hundreds digit of q?
3
Suppose 15 = 5*z, 6*m = 3*m + 4*z + 42. What is the units digit of m*(2/(-4) + (-8 - -12))?
3
Let d(c) = -29*c - 579. Let m be d(-20). Let n be 344/9 - 4/18. What is the tens digit of (0 - 0) + (n - m)?
3
Let a(d) = 537*d**3 - 7*d**2 - 50*d + 134. What is the tens digit of a(3)?
2
Suppose -69*c - 46*c = -198*c + 2253533. What is the hundreds digit of c?
1
Suppose 28*s - v = 25*s + 53255, -3*v = 15. What is the tens digit of s?
5
Let r(l) = 43*l**3 - 21*l**2 + 12*l - 8. What is the thousands digit of r(7)?
3
Suppose 5*b - 11*l + 64329 - 225996 = 0, 35 = -5*l. What is the thousands digit of b?
2
Let v = -82 - -84. Suppose -v*t + 31 - 223 = 2*g, -2*t - 91 = g. Let i = -98 - g. What is the units digit of i?
3
Suppose -p = 3*g - 56525, -100*p + 103*p - 169491 = 5*g. What is the ten thousands digit of p?
5
Let b = 819 + 6443. What is the hundreds digit of b?
2
Let s = 95 - 90. Let a(n) = -6 + s*n**2 - 7*n - n + 2*n - 2*n**2. What is the units digit of a(-4)?
6
Suppose -4*n + 3070 = -5*u, 3*n - 16 + 1 = 0. Let w = u + 738. What is the hundreds digit of w?
1
Suppose 186 = 2*y - 2*f + f, 3*f = y - 103. Let s = 29 + y. Suppose -39*i = -34*i - s. What is the tens digit of i?
2
What is the thousands digit of (-88496)/(-32)*4 - -4?
1
Let i(a) = -a**2 + a - 21. Let d = 37 + -37. Let j be i(d). What is the tens digit of (j/(-6))/((-3)/(-12))?
1
Suppose 0 = -18*j + 16*j + 7*o + 852, 0 = -4*j - 3*o + 1772. What is the hundreds digit of j?
4
Let u be (-2)/12*-3*3982. Let a = 3047 - u. What is the hundreds digit of a?
0
Let y = 3175 + -1513. Suppose i = -2*d + y, 3*d - 2475 = -i + 4*i. What is the hundreds digit of d?
8
Let r(d) = 136*d**2 + 2*d - 4. What is the thousands digit of r(4)?
2
Suppose 19*z = 22*z - 2862. Suppose 106 = 4*k - z. What is the tens digit of k?
6
Let x(l) = -l**3 + 13*l**2 + 24*l + 28. Let c(r) = 8*r - 118. Let s be c(16). What is the hundreds digit of x(s)?
5
Suppose -4*d + 3*a - 4*a = -27, 0 = 5*d - 4*a - 60. What is the tens digit of (-11 + 15)/(d/636)?
1
Let t(q) be the first derivative of 29*q**3/3 - 3*q**2 - 6*q + 22. Let m be t(-1). Let o = 248 - m. What is the tens digit of o?
1
Let p(w) = -w**2 + 10*w + 5. Let j be p(0). Suppose 2*f + j*y = -0*f + 2123, 2*y - 1060 = -f. What is the thousands digit of f?
1
What is the tens digit of (23651 + -3 - -4)*(-18)/(-36)?
2
Let i be -4 - -19 - 1*4. Suppose -i*g + 10*g = -39. Suppose -3*h + f = -240, f + 43 = h - g. What is the units digit of h?
9
Suppose -2*m - 5*y = -36, 0*m - 3*m - y + 54 = 0. Suppose m*k = -4*k + 23210. What is the hundreds digit of k?
0
Let f(t) be the third derivative of t**5/60 - t**4/3 - 3*t**3 - 2*t**2. Let g be ((-4)/3)/((-1)/(-9)). What is the units digit of f(g)?
2
Let t be (0 - -2)/((14/(-4))/7). Let r(y) be the third derivative of -y**6/120 + y**5/30 + y**4/6 + 2*y**3/3 - 38*y**2. What is the units digit of r(t)?
4
Let h be 6/(-21) - 8/(-28). Let d = 178 + h. What is the hundreds digit of d?
1
Let n be 8/16 + 29/2. Let k(i) = 6*i - 25. Let m be k(5). Suppose -n - m = 4*x, -a - 5*x = -15. What is the tens digit of a?
4
Suppose 13*s = -444 + 5488. Let b = 1003 - s. What is the tens digit of b?
1
Let o(w) = 9*w + 23. Let s be o(-5). Let f = -21 - s. What is the units digit of 8/12*(27 + (4 - f))?
0
Let h be 22323/21 - 1*6. Let y = h - 230. What is the hundreds digit of y?
8
Let a = 86 + -74. Suppose 0 = 59*v - 58*v - a. Suppose i - v*i + 858 = 0. What is the units digit of i?
8
Let u = -16937 - -35841. What is the units digit of u?
4
Let l be ((-290)/(-25) - 3) + (-12)/(-30). Suppose 1260 = -6*r + l*r. What is the units digit of r?
0
Let d be -1 + (1 - 1 - 7). Let w(c) = -17*c + 3*c - 14 + 30 + 10*c + 22. What is the tens digit of w(d)?
7
Let m = -4172 + 4621. What is the tens digit of m?
4
Let w be (-1 + 5)/((-1)/(-4)). Suppose -3*a - 44 = w. What is the tens digit of (112/6)/((a/(-5))/12)?
5
Let z(d) = -7*d + 7. Let g be z(1). Suppose 37*u - 33*u - 408 = g. What is the hundreds digit of u?
1
What is the tens digit of -7 - 96825*21/(-63)?
6
Suppose 5*w - 15 = z, -5*z + w = -w + 52. Let l be (6/z)/(5/25). What is the tens digit of (-21)/(l + 32/12)?
6
Suppose 1200 = 5*b + 2*t - 1243, -4*b = -t - 1944. Suppose 10*p - b = -137. What is the units digit of p?
5
Let j(o) = -5*o**2 + 12*o + 1. Let x be j(3). What is the units digit of 227010/280 - 2/x?
1
Let v(i) = 3*i + 13. Let n be v(-3). Suppose -n*b + 3*b - 13 = 0. What is the units digit of (b/(-2))/((-2)/(-4))?
3
Let t = 31 - 26. What is the hundreds digit of 6603/t - ((-36)/(-15))/(-6)?
3
Let y(k) = k**3 - k. Let t(l) = -3*l**3 + 6*l**2 - 6*l - 3. Let v(n) = t(n) + 4*y(n). What is the hundreds digit of v(5)?
2
Let b be 4/2 + (-4 - -3 - -8). Suppose -3*o - b*o = -816. What is the units digit of o?
8
Suppose 16*y - 47*y = -22*y - 75024. What is the units digit of y?
6
Let q = 62016 + -22358. What is the thousands digit of q?
9
Suppose -25*h + 252620 = -10*h - 11*h. What is the tens digit of h?
5
Let h(j) be t